*f**2 - 884 - f + 883. Give p(-1).
1
Suppose 19 = 80*s - 461. Let g(z) = 6*z - 10. Calculate g(s).
26
Let u(n) = 5*n + 1. Let y(t) = 10*t + 1. Let q(m) = 5*u(m) - 3*y(m). Let z(o) = -96*o - 2780. Let s be z(-29). Calculate q(s).
-18
Let p(g) be the first derivative of 26*g - 1/6*g**3 + 0*g**2 - 3/4*g**4 + 28. Let f(v) be the first derivative of p(v). What is f(-1)?
-8
Let d be 2/(-4) + 30/12. Suppose -2*l = 4*g - d, -3*l + 5*g - 11 = 19. Let p(a) = -65 + 5*a - a + 27 + 37. Give p(l).
-21
Let r(o) = o**3 - 6*o**2 - 7*o + 2. Suppose 0 = 4*d - 5*d - 5, 0 = 4*a - 3*d - 15. Let f be a - -1 - (2 - 8). Calculate r(f).
2
Let b be 2 + -1 - 68/(-2). Let z(h) = -2 + 18*h - b*h + 19*h. Let y be -8*(198/(-24))/11. Give z(y).
10
Let c(p) = -2*p + 9. Suppose 0 = 2*o - 62 + 52. Suppose 3*a + 0*q - 4*q = 16, -o*a - 3*q = -75. Give c(a).
-15
Let s(x) = 5*x - 244*x**3 - 8 - 5*x**2 + 603*x**3 - 360*x**3. Let t be 9/2*4/(-3). Give s(t).
-2
Let s(m) = m + 6. Let a(j) = j**2 - 7*j + 4. Let l be a(5). Let g be s(l). Let p(b) be the second derivative of -b**4/12 - b**3/6 - 8*b**2 + 5*b. What is p(g)?
-16
Let j(n) = -5*n**3 - 6*n**2 - 7*n - 33. Let u(b) = 49*b**3 + 59*b**2 + 69*b + 332. Let v(i) = -59*j(i) - 6*u(i). Determine v(0).
-45
Let p(l) = -l**2 + 8*l - 20. Let f(h) = 2*h**3 + 37*h**2 + 53*h + 39. Let i be f(-17). Determine p(i).
-5
Suppose -u + 119 = -y + 116, -2*u = 4*y + 18. Let q(w) be the second derivative of w**3/3 - 5*w**2/2 - 4*w. Determine q(y).
-13
Let c be (-5136)/(-18)*8/((-48)/(-117)). Let p(q) = c*q - 5551*q - 2 + 5. What is p(-2)?
-23
Let b(p) = -p**2 - 10*p + 13. Let m(o) = 111 - 335 + 5*o + 111 + 117. Let q be m(-3). Give b(q).
2
Let y(m) = 60*m - 5 - 43*m - 10 + 2*m**2. Let z be y(-10). Let o be -10*((-2)/(-5))/(12/z). Let n(d) = -d**2 - 5*d - 6. Calculate n(o).
-6
Let p(q) = q**2 + 7*q - 2. Let c be 18/((0 + -2)*1/5). Let d = -48 - c. Let t be d - 12/16*(-16)/(-6). Determine p(t).
-12
Let o(d) = d**3 + 6*d**2 + 3*d + 18. Let n be o(-5). Let f = -26 + n. Let u(q) = -15*q**2 + q**3 - 6*q + 5*q**2 + 6*q**f + 5. Determine u(5).
0
Let f(t) = -t**3 + t - 19. Let j be 1/((-5)/2) + (-6)/(-15). Suppose -5*s + 94 - 14 = j. Let w(h) = -h**3 + 16*h**2 + h - 16. Let p be w(s). Give f(p).
-19
Suppose 0 = -3*d - 5*t - 38, -2*d + 2*t = 2*d + 16. Let n(s) be the second derivative of -s**4/12 - s**3 - 3*s**2/2 - 2132*s. Calculate n(d).
-3
Let d = 6832 + -6834. Let h(b) = -3*b**2 - 10*b - 14. Determine h(d).
-6
Let k(u) be the third derivative of 1/2*u**3 + u**2 + 1/10*u**5 + 0*u + 19 - 1/4*u**4 + 1/120*u**6. Let g(b) = b**2 - 15*b + 7. Let r be g(14). Give k(r).
-4
Suppose 4 = 4*m - 4*w, 4 + 6 = 2*w. Suppose -4*p = 5*d + 10, m*d - 2*d + 29 = p. Let j(t) = -t - 6. What is j(d)?
0
Let y(m) = -m**3 + 7*m**2 + m - 2. Let d(q) = 7*q - 5. Let t be d(2). Let x = -2 + t. What is y(x)?
5
Suppose j + 17 = 5*f - 12, 2*j = -4*f + 40. Let u(w) = -w**3 + 8*w**2 - 2*w - 12. Calculate u(f).
23
Suppose -18*v - 91 - 89 = 0. Let k(p) = 27*p + 279. Calculate k(v).
9
Let s be 12/60 + 529/5. Suppose 106 - s = 6*z. Let f(i) = i**3 + i**2 + 35. Determine f(z).
35
Let v(a) = -8*a - 19. Let u be v(2). Let q = -31 - u. Let r(t) = -t**2 + 2*t + 1. What is r(q)?
-7
Let h(r) = 9*r - 2708*r**2 - 2701*r**2 - 2706*r**2 - 8 + 8114*r**2. What is h(6)?
10
Let b(p) = 4*p**3 + 2*p - 1. Let w = -200 - -199. Let d be 6 - w - (8 - 2). Give b(d).
5
Let v be (-3)/(7 - (-75)/(-12)). Let j(b) be the second derivative of 0*b**2 + 0 + 1/6*b**3 - b. Give j(v).
-4
Let s(m) be the second derivative of 4*m + 2 - 1/2*m**4 + 1/20*m**5 - 1/6*m**3 + m**2. Calculate s(6).
-4
Let a(k) = 7 - k**2 - 12*k**3 + 6*k + k**3 - 3*k**3 + 0*k**3. Let z(u) = -u**3 + u + 1. Let x(b) = -a(b) + 6*z(b). Determine x(1).
8
Let b(c) be the first derivative of -1/4*c**4 - 25*c + 4*c**3 + 43 - 9/2*c**2. Give b(11).
-3
Suppose 44*p - 178*p + 8 = -394. Let t(j) = -j**3 + 2*j**2 - 7*j + 16. Determine t(p).
-14
Let j(d) = -5*d**3 - 10*d**2 - 18*d - 28. Let h(u) = 62*u**3 + 121*u**2 + 217*u + 351. Let n(y) = -2*h(y) - 25*j(y). What is n(-6)?
-26
Let s(u) = -6*u + 119. Let w be s(19). Let a = 24 - 22. Let y(f) = 0 + 4 - 3*f**a + 2*f**2 + 8*f. What is y(w)?
19
Let p be 58/28 + (-7)/98. Let a(s) = -s**3 - 2*s**2 + s. Determine a(p).
-14
Let d(w) be the first derivative of w**6/360 - w**5/60 + 7*w**3/3 + 9. Let k(m) be the third derivative of d(m). Suppose 4*b - 111 = -103. Give k(b).
0
Suppose 13*k - 506 - 3615 = 0. Suppose 31*r + 38 - k = 0. Let m(a) = -a - 3. Determine m(r).
-12
Suppose -108 = 7*h - 25*h. Suppose 0*i - 5*q - 3 = 4*i, 3*i + 5*q + h = 0. Let r(t) = -2*t + 4. Calculate r(i).
-2
Let u(r) = 5*r**2 + 2*r - 7. Let j be 0 + 15 + -14 - (-3)/(6/(-8)). Give u(j).
32
Let h be (1/(-3))/(4/12). Let j(r) be the third derivative of 0*r**3 + 0*r + 30*r**2 + 0 + 3/8*r**4. Calculate j(h).
-9
Let u(x) = -3*x**2 + 11 - 5*x - 3 + 2*x**2 - 2 + 2*x. Give u(1).
2
Let p(u) be the third derivative of 1/24*u**4 + 35*u**2 + 0*u + 0 + 5/6*u**3. Suppose -a = -3*m - 20, 21 = -2*m + 2*a + 1. Calculate p(m).
0
Let d(q) = -5*q - 1. Let z(g) = 34*g + 5. Let l(h) = -6*d(h) - z(h). Let u = -28 + 18. Let c = u + 9. Determine l(c).
5
Let q(b) = b**3 + b**2 - 8. Suppose -4*f = -6*z + 7 - 19, 5*f = -z + 15. Calculate q(z).
-8
Let a be (-2)/8*((10/5 - 4) + 2). Let g(h) be the third derivative of 0*h - 18*h**2 + 0*h**3 - 1/12*h**5 + a - 1/4*h**4 + 1/120*h**6. Calculate g(6).
0
Let n(x) = -x - 16. Let z(v) = 6*v**2 + 3*v + 3*v**2 + 69 - 17*v**2 + v**2 + 5*v**2. Let c be z(7). Determine n(c).
-8
Suppose 67 = -5*c + 97. Let a(u) = 41 - c*u + 2*u**2 + 27 + u**3 - 70. Calculate a(-4).
-10
Let z(h) = 13 + h**2 + 8 + 14*h - 3. Let f(o) = 528*o + 6852. Let m be f(-13). Determine z(m).
-6
Let l(k) = k**2 - 3*k - 10. Let s be l(-4). Suppose 0 = h + 8*h - s. Let b(q) = 7 - q**h + 2*q + 1 - 7 + 2*q**2. Determine b(-3).
4
Let m(x) = x**2 + 13*x + 2. Suppose -b - 5*f - 23 = -0*f, 18 = 4*b - 2*f. Suppose -7*a = -11*a + 5*d - 57, -63 = 5*a + b*d. Calculate m(a).
2
Let r be 4/(-8)*(14 - 2). Let j(f) be the third derivative of f**6/120 + f**5/10 + f**4/24 + 2*f**3/3 + 13846*f**2. What is j(r)?
-2
Let z(u) = -10*u + 23*u - 3 - 11*u. Let l(f) = 3*f - 4. Suppose 3*w = -4*s + 3, -w - 3*s + 8 = 2. Let m(g) = w*l(g) + 4*z(g). Give m(-2).
2
Let v(g) = -47*g**2 - 4*g + 15*g**2 + 19*g**2 - 8 - 18*g + 12*g**2. Give v(-21).
13
Let m(l) be the second derivative of 2*l**3/3 - 55*l**2/2 - 908*l. Determine m(28).
57
Let b(o) be the first derivative of -2*o - 228 - 1/2*o**2 - 4/3*o**3 - 1/4*o**4. Let q(i) = i**3 - 3*i**2 - 4. Let y be q(3). Give b(y).
2
Let s(l) = -5*l**2 - 4*l - 7. Let o = 10 + -4. Let d(x) = x**2. Let y(q) = o*d(q) + s(q). Let c = 1207 - 1202. Calculate y(c).
-2
Let a(d) = 25*d. Let y be a(2). Let q = 55 - y. Let j(z) = -69*z**2 + 31*z**2 - q*z + 39*z**2. Calculate j(5).
0
Let k(o) be the third derivative of o**6/120 - o**5/30 - o**4/24 - o**3/3 + 7*o**2. Let j(y) = 4*y - 13. Let w be j(3). Let r be w/(0 + 5/(-15)). Give k(r).
4
Let j(y) = y**3 + 6*y**2 + 3*y - 3. Let c(n) = -n**3 - 4*n**2 + 4*n + 2. Let u be c(-5). Let b be 0/5 - u/(7/2). Let p be (-69)/23 - 1*b*-1. What is j(p)?
7
Let r(l) = 4*l**2 + 38*l - 26. Suppose 100 = 4*s - 2*u + 130, -4*s - 72 = 4*u. Give r(s).
40
Let h(c) = c**3 - 25*c**2 - 8*c + 202. Let i be h(25). Let d(x) be the second derivative of -1/6*x**3 - 30*x + 9/2*x**i + 0. Determine d(8).
1
Let v(u) = 3*u**2 + 12*u - 19. Let o be v(-10). Suppose 5*z + 6 = o. Let t(n) = -7*n - 17 + z - 10 - 6. Determine t(-3).
19
Suppose -16*p + 7*p + 36 = 0. Let y(c) be the first derivative of -c**4/4 + 2*c**3 - 2*c**2 + c + 525. Give y(p).
17
Let f(w) = w**2 - 11*w + 21. Let l be f(2). Let s be 5 + (l - 28/7). Let n(y) = y**3 - 5*y**2 - 2*y + 1. Give n(s).
-23
Suppose 27*c + 56 = 41*c. Let w(b) = 2*b**3 - 4*b**2 - 9*b + 2. Let p(v) = v**3 - 2*v**2 - 4*v + 1. Let z(a) = c*w(a) - 9*p(a). Determine z(-1).
2
Let o(a) = 18 + 10 + 2*a + 1 - 24. Let v = 0 + -5. Give o(v).
-5
Let k(v) = v - 3. Let x be k(-6). Let o(s) = -s**2 - 6*s - 10. Give o(x).
-37
Let i(r) = r**2 + 6*r + 2. Let o be 8 - ((-8)/(-52) + (-100)/(-26)). Let a(y) = -y**2 - 7*y. Let j(s) = o*i(s) + 5*a(s). Determine j(-7).
36
Let n(c) = c**2 - 6*c + 8*c - 5 + 3 + 4. Let p be n(-2). Let m(o) = -4*o**p + 7*o**3 - 6 